
True
Is 2546764379 a prime number?
True
Is 1408980751 a composite number?
True
Is 14978594909 a prime number?
True
Is 139804321 a composite number?
True
Is 10677389991 a composite number?
True
Is 1442701693 a prime number?
False
Is 418749607451 prime?
False
Is 11062102522 a prime number?
False
Is 232858928213 a prime number?
False
Is 10127730307 prime?
True
Is 3014216381 a composite number?
True
Is 8003013635 a prime number?
False
Is 254344343 prime?
False
Is 704895629 a prime number?
True
Is 460092907 prime?
False
Is 23912998841 a composite number?
False
Is 66911352107 a prime number?
True
Is 755084045 prime?
False
Is 12290588441 prime?
True
Is 22794468019 prime?
True
Is 29737789787 a composite number?
False
Is 37751080349 composite?
False
Is 248913209 a composite number?
False
Is 1284130909 a prime number?
False
Is 1746109723 a prime number?
True
Is 100896784769 prime?
False
Is 515867059 a prime number?
True
Is 596640181 a composite number?
False
Is 35115236951 a composite number?
True
Is 2280673631 composite?
False
Is 7303809719 a prime number?
False
Is 11268839291 prime?
True
Is 1166498899 a composite number?
True
Is 155579109747 prime?
False
Is 9654784669 a prime number?
False
Is 24135300409 composite?
True
Is 7849770023 composite?
False
Is 4991783197 a composite number?
True
Is 1372543763 prime?
False
Is 1119130841 prime?
True
Is 15244799387 composite?
True
Is 12143973295 composite?
True
Is 30002004121 prime?
True
Is 12576023 composite?
False
Is 27653693 a composite number?
False
Is 5710512583 composite?
True
Is 1225970591 prime?
False
Is 11417078041 a composite number?
True
Is 11112474497 a composite number?
False
Is 511921178563 a composite number?
False
Is 32807479258 a prime number?
False
Is 17675412883 prime?
False
Is 233881721 a composite number?
False
Is 7046011543 a composite number?
False
Is 30929898253 composite?
True
Is 5273288089 prime?
False
Is 169897054861 prime?
True
Is 3026014109 a prime number?
True
Is 3564470779 a prime number?
True
Is 2261850461 composite?
True
Is 35983307 a prime number?
False
Is 12642123469 a prime number?
True
Is 501873799 a prime number?
False
Is 2001711839 composite?
False
Is 115331347 composite?
True
Is 23247667907 a composite number?
True
Is 1886759671 a prime number?
False
Is 1008363713 a composite number?
True
Is 37605689669 prime?
False
Is 38296926461 prime?
False
Is 14560147915 a prime number?
False
Is 10439587129 a composite number?
False
Is 1954209061 composite?
True
Is 118118339711 a prime number?
True
Is 6138213287 composite?
False
Is 155507827 a prime number?
True
Is 2455708433 a composite number?
True
Is 121261123 composite?
True
Is 11550342299 composite?
False
Is 100727997397 a composite number?
True
Is 1426389359 prime?
True
Is 201885658619 composite?
False
Is 968949929 composite?
True
Is 328562147 prime?
True
Is 24547691599 a composite number?
False
Is 3663120607 a prime number?
False
Is 25339146037 prime?
False
Is 8740868933 composite?
True
Is 1618714561 composite?
True
Is 147084631141 a prime number?
False
Is 5959223353 composite?
True
Is 282974812787 a prime number?
True
Is 3079578199 a composite number?
True
Is 305229313 a prime number?
True
Is 653366657 prime?
True
Is 331636309 a composite number?
False
Is 2745984247 composite?
True
Is 151963492997 composite?
False
Is 1176759049 a prime number?
True
Is 39565862137 a composite number?
False
Is 13258694257 a prime number?
False
Is 14491177093 a prime number?
False
Is 93164530001 a composite number?
False
Is 10331053781 a prime number?
True
Is 447610237 composite?
False
Is 1257066229 a prime number?
True
Is 7906519691 prime?
False
Is 3198345271 a prime number?
False
Is 47076903131 a composite number?
False
Is 70200181 composite?
False
Is 8346034279 a prime number?
False
Is 6072514103 prime?
False
Is 536088343 prime?
False
Is 6523978889 prime?
True
Is 7544743681 composite?
True
Is 2942874721 prime?
False
Is 5773597151 prime?
False
Is 7131114299 composite?
True
Is 79273033589 composite?
False
Is 19022657 a composite number?
True
Is 19057864778 a prime number?
False
Is 448055221 prime?
True
Is 12215743297 a prime number?
True
Is 146023355 composite?
True
Is 21393978647 composite?
False
Is 22408562719 a prime number?
True
Is 617403419 prime?
True
Is 11390361721 prime?
True
Is 3661323551 a prime number?
True
Is 58072482709 a composite number?
True
Is 182835404309 composite?
False
Is 1616644919 composite?
False
Is 455919055 a composite number?
True
Is 6909605 prime?
False
Is 855143831 prime?
True
Is 47476560049 a prime number?
False
Is 403165823 a prime number?
True
Is 4320191165 composite?
True
Is 3534651829 a composite number?
False
Is 309295427 a prime number?
False
Is 11766682649 composite?
False
Is 1485455863 a composite number?
True
Is 361232815 a composite number?
True
Is 900710777 composite?
True
Is 1805060111 composite?
True
Is 3742693913 a prime number?
False
Is 2100576727 composite?
True
Is 265496587 prime?
True
Is 2755884499 composite?
False
Is 1174639381 a composite number?
True
Is 416079661 composite?
False
Is 733010297 a composite number?
False
Is 12339079091 composite?
True
Is 17063765371 a composite number?
True
Is 36308280707 a composite number?
False
Is 15459778153 prime?
True
Is 1182027521 a composite number?
False
Is 21826973239 a composite number?
False
Is 741906527 a prime number?
True
Is 12527033359 a prime number?
False
Is 78365897 composite?
False
Is 5735489453 a composite number?
True
Is 648019213 prime?
True
Is 69096109 a composite number?
True
Is 12423106203 a prime number?
False
Is 63923577 composite?
True
Is 141299737 a prime number?
False
Is 8398038029 a prime number?
False
Is 13319044019 composite?
False
Is 11923804127 composite?
False
Is 3407109501 composite?
True
Is 193030113805 a composite number?
True
Is 151035179 composite?
False
Is 4561620881 composite?
True
Is 35706553117 a composite number?
True
Is 20686959269 prime?
False
Is 13653039203 prime?
True
Is 1934908037 composite?
False
Is 1936011013 a composite number?
False
Is 3890258591 a prime number?
False
Is 53745646063 a composite number?
False
Is 3933762827 prime?
True
Is 38435616997 a prime number?
True
Is 8951340449 a prime number?
True
Is 6425579711 a prime number?
True
Is 15739266937 prime?
False
Is 631657681 a composite number?
True
Is 3979428983 a composite number?
True
Is 2440193501 composite?
False
Is 6183703693 composite?
False
Is 34190894341 prime?
False
Is 74106091 composite?
False
Is 6481764287 a composite number?
True
Is 23013316259 a prime number?
True
Is 36613087853 composite?
False
Is 2731991233 composite?
True
Is 31982360431 a prime number?
False
Is 7270738157 a prime number?
False
Is 502814207 a composite number?
True
Is 2460917369 composite?
False
Is 4380744623 a composite number?
False
Is 475816277 a prime number?
False
Is 348673019 composite?
False
Is 58186415431 a prime number?
True
Is 7967994799 composite?
False
Is 488049467 a composite number?
False
Is 1382463605 prime?
False
Is 93515977 a prime number?
False
Is 46110146221 prime?
True
Is 687165587 a prime number?
True
Is 1048167551 a prime number?
False
Is 6058668277 prime?
False
Is 110911054753 prime?
False
Is 116755624363 composite?
True
Is 41287373147 a composite number?
False
Is 5648152091 a composite number?
True
Is 10059607378 composite?
True
Is 192560821 composite?
False
Is 3399699559 a prime number?
False
Is 1237785439 a prime number?
False
Is 1497171553 a prime number?
True
Is 25388263015 a composite number?
True
Is 28023479555 prime?
False
Is 518152379 composite?
False
Is 1500308867 composite?
True
Is 625601477 prime?
True
Is 43076757461 a prime number?
False
Is 151547144065 prime?
False
Is 342688391 a prime number?
True
Is 8056207381 a composite number?
True
Is 119498693 prime?
False
Is 80079849349 prime?
False
Is 28801108253 a prime number?
False
Is 430656286 a prime number?
False
Is 172183301 composite?
True
Is 63277153 composite?
False
Is 5066469571 composite?
True
Is 694160347 a prime number?
True
Is 21928966733 a composite number?
False
Is 154933622837 prime?
False
Is 524446589 composite?
True
Is 216272191 composite?
True
Is 31144109071 composite?
False
Is 1518008329 a composite number?
True
Is 674285593 composite?
False
Is 15416072831 prime?
True
I